[INFO] cloning repository https://github.com/NicholasYang21/firelang
[INFO] running `Command { std: "git" "-c" "credential.helper=" "-c" "credential.helper=/workspace/cargo-home/bin/git-credential-null" "clone" "--bare" "https://github.com/NicholasYang21/firelang" "/workspace/cache/git-repos/https%3A%2F%2Fgithub.com%2FNicholasYang21%2Ffirelang", kill_on_drop: false }`
[INFO] [stderr] Cloning into bare repository '/workspace/cache/git-repos/https%3A%2F%2Fgithub.com%2FNicholasYang21%2Ffirelang'...
[INFO] running `Command { std: "git" "rev-parse" "HEAD", kill_on_drop: false }`
[INFO] [stdout] e5d67cad6327cdab8850608c92c723cbc030478a
[INFO] checking NicholasYang21/firelang against master#9610dfe5a9a731ced1ea4923ecbd0c57fe367898 for beta-170-4
[INFO] running `Command { std: "git" "clone" "/workspace/cache/git-repos/https%3A%2F%2Fgithub.com%2FNicholasYang21%2Ffirelang" "/workspace/builds/worker-3-tc1/source", kill_on_drop: false }`
[INFO] [stderr] Cloning into '/workspace/builds/worker-3-tc1/source'...
[INFO] [stderr] done.
[INFO] validating manifest of git repo https://github.com/NicholasYang21/firelang on toolchain 9610dfe5a9a731ced1ea4923ecbd0c57fe367898
[INFO] running `Command { std: CARGO_HOME="/workspace/cargo-home" RUSTUP_HOME="/workspace/rustup-home" "/workspace/cargo-home/bin/cargo" "+9610dfe5a9a731ced1ea4923ecbd0c57fe367898" "metadata" "--manifest-path" "Cargo.toml" "--no-deps", kill_on_drop: false }`
[INFO] started tweaking git repo https://github.com/NicholasYang21/firelang
[INFO] finished tweaking git repo https://github.com/NicholasYang21/firelang
[INFO] tweaked toml for git repo https://github.com/NicholasYang21/firelang written to /workspace/builds/worker-3-tc1/source/Cargo.toml
[INFO] crate git repo https://github.com/NicholasYang21/firelang already has a lockfile, it will not be regenerated
[INFO] running `Command { std: CARGO_HOME="/workspace/cargo-home" RUSTUP_HOME="/workspace/rustup-home" "/workspace/cargo-home/bin/cargo" "+9610dfe5a9a731ced1ea4923ecbd0c57fe367898" "fetch" "--manifest-path" "Cargo.toml", kill_on_drop: false }`
[INFO] [stderr]  Downloading crates ...
[INFO] [stderr]   Downloaded clap v4.0.22
[INFO] running `Command { std: "docker" "create" "-v" "/var/lib/crater-agent-workspace/builds/worker-3-tc1/target:/opt/rustwide/target:rw,Z" "-v" "/var/lib/crater-agent-workspace/builds/worker-3-tc1/source:/opt/rustwide/workdir:ro,Z" "-v" "/var/lib/crater-agent-workspace/cargo-home:/opt/rustwide/cargo-home:ro,Z" "-v" "/var/lib/crater-agent-workspace/rustup-home:/opt/rustwide/rustup-home:ro,Z" "-e" "SOURCE_DIR=/opt/rustwide/workdir" "-e" "CARGO_TARGET_DIR=/opt/rustwide/target" "-e" "CARGO_HOME=/opt/rustwide/cargo-home" "-e" "RUSTUP_HOME=/opt/rustwide/rustup-home" "-w" "/opt/rustwide/workdir" "-m" "1610612736" "--user" "0:0" "--network" "none" "ghcr.io/rust-lang/crates-build-env/linux@sha256:19e73879b68f455e41552ea35293514db52ea292d993f571636dbffedb77a1ee" "/opt/rustwide/cargo-home/bin/cargo" "+9610dfe5a9a731ced1ea4923ecbd0c57fe367898" "metadata" "--no-deps" "--format-version=1", kill_on_drop: false }`
[INFO] [stdout] 5311a5180e4dccb1a4b0cdc7d965256874c949ab21092a388088f76818e0ecb6
[INFO] running `Command { std: "docker" "start" "-a" "5311a5180e4dccb1a4b0cdc7d965256874c949ab21092a388088f76818e0ecb6", kill_on_drop: false }`
[INFO] running `Command { std: "docker" "inspect" "5311a5180e4dccb1a4b0cdc7d965256874c949ab21092a388088f76818e0ecb6", kill_on_drop: false }`
[INFO] running `Command { std: "docker" "rm" "-f" "5311a5180e4dccb1a4b0cdc7d965256874c949ab21092a388088f76818e0ecb6", kill_on_drop: false }`
[INFO] [stdout] 5311a5180e4dccb1a4b0cdc7d965256874c949ab21092a388088f76818e0ecb6
[INFO] running `Command { std: "docker" "create" "-v" "/var/lib/crater-agent-workspace/builds/worker-3-tc1/target:/opt/rustwide/target:rw,Z" "-v" "/var/lib/crater-agent-workspace/builds/worker-3-tc1/source:/opt/rustwide/workdir:ro,Z" "-v" "/var/lib/crater-agent-workspace/cargo-home:/opt/rustwide/cargo-home:ro,Z" "-v" "/var/lib/crater-agent-workspace/rustup-home:/opt/rustwide/rustup-home:ro,Z" "-e" "SOURCE_DIR=/opt/rustwide/workdir" "-e" "CARGO_TARGET_DIR=/opt/rustwide/target" "-e" "CARGO_INCREMENTAL=0" "-e" "RUST_BACKTRACE=full" "-e" "RUSTFLAGS=--cap-lints=forbid" "-e" "RUSTDOCFLAGS=--cap-lints=forbid" "-e" "CARGO_HOME=/opt/rustwide/cargo-home" "-e" "RUSTUP_HOME=/opt/rustwide/rustup-home" "-w" "/opt/rustwide/workdir" "-m" "1610612736" "--user" "0:0" "--network" "none" "ghcr.io/rust-lang/crates-build-env/linux@sha256:19e73879b68f455e41552ea35293514db52ea292d993f571636dbffedb77a1ee" "/opt/rustwide/cargo-home/bin/cargo" "+9610dfe5a9a731ced1ea4923ecbd0c57fe367898" "check" "--frozen" "--all" "--all-targets" "--message-format=json", kill_on_drop: false }`
[INFO] [stdout] 50de7324c056c43342887cd950d1f00dbc9aa7711c2711c88db9d9194ec12608
[INFO] running `Command { std: "docker" "start" "-a" "50de7324c056c43342887cd950d1f00dbc9aa7711c2711c88db9d9194ec12608", kill_on_drop: false }`
[INFO] [stderr]    Compiling libc v0.2.137
[INFO] [stderr]    Compiling anyhow v1.0.66
[INFO] [stderr]     Checking os_str_bytes v6.3.1
[INFO] [stderr]     Checking unicode-xid v0.2.4
[INFO] [stderr]     Checking once_cell v1.16.0
[INFO] [stderr]     Checking clap_lex v0.3.0
[INFO] [stderr]     Checking atty v0.2.14
[INFO] [stderr]     Checking clap v4.0.22
[INFO] [stderr]     Checking firelang v0.1.0 (/opt/rustwide/workdir)
[INFO] [stdout] error[E0583]: file not found for module `firelang_errors`
[INFO] [stdout]  --> src/compiler/mod.rs:1:1
[INFO] [stdout]   |
[INFO] [stdout] 1 | mod firelang_errors;
[INFO] [stdout]   | ^^^^^^^^^^^^^^^^^^^^
[INFO] [stdout]   |
[INFO] [stdout]   = help: to create the module `firelang_errors`, create file "src/compiler/firelang_errors.rs" or "src/compiler/firelang_errors/mod.rs"
[INFO] [stdout] 
[INFO] [stdout] 
[INFO] [stdout] error[E0583]: file not found for module `firelang_errors`
[INFO] [stdout]  --> src/compiler/mod.rs:1:1
[INFO] [stdout]   |
[INFO] [stdout] 1 | mod firelang_errors;
[INFO] [stdout]   | ^^^^^^^^^^^^^^^^^^^^
[INFO] [stdout]   |
[INFO] [stdout]   = help: to create the module `firelang_errors`, create file "src/compiler/firelang_errors.rs" or "src/compiler/firelang_errors/mod.rs"
[INFO] [stdout] 
[INFO] [stdout] 
[INFO] [stdout] error[E0412]: cannot find type `ByteCode` in this scope
[INFO] [stdout]  --> src/vm/codegen.rs:5:26
[INFO] [stdout]   |
[INFO] [stdout] 5 |     fn gen(&mut self) -> ByteCode;
[INFO] [stdout]   |                          ^^^^^^^^ not found in this scope
[INFO] [stdout]   |
[INFO] [stdout] help: consider importing this struct
[INFO] [stdout]   |
[INFO] [stdout] 1 + use crate::vm::context::ByteCode;
[INFO] [stdout]   |
[INFO] [stdout] 
[INFO] [stdout] 
[INFO] [stdout] error[E0412]: cannot find type `ByteCode` in this scope
[INFO] [stdout]  --> src/vm/codegen.rs:9:26
[INFO] [stdout]   |
[INFO] [stdout] 9 |     fn gen(&mut self) -> ByteCode {
[INFO] [stdout]   |                          ^^^^^^^^ not found in this scope
[INFO] [stdout]   |
[INFO] [stdout] help: consider importing this struct
[INFO] [stdout]   |
[INFO] [stdout] 1 + use crate::vm::context::ByteCode;
[INFO] [stdout]   |
[INFO] [stdout] 
[INFO] [stdout] 
[INFO] [stdout] error[E0412]: cannot find type `ByteCode` in this scope
[INFO] [stdout]  --> src/vm/codegen.rs:5:26
[INFO] [stdout]   |
[INFO] [stdout] 5 |     fn gen(&mut self) -> ByteCode;
[INFO] [stdout]   |                          ^^^^^^^^ not found in this scope
[INFO] [stdout]   |
[INFO] [stdout] help: consider importing this struct
[INFO] [stdout]   |
[INFO] [stdout] 1 + use crate::vm::context::ByteCode;
[INFO] [stdout]   |
[INFO] [stdout] 
[INFO] [stdout] 
[INFO] [stdout] error[E0412]: cannot find type `ByteCode` in this scope
[INFO] [stdout]  --> src/vm/codegen.rs:9:26
[INFO] [stdout]   |
[INFO] [stdout] 9 |     fn gen(&mut self) -> ByteCode {
[INFO] [stdout]   |                          ^^^^^^^^ not found in this scope
[INFO] [stdout]   |
[INFO] [stdout] help: consider importing this struct
[INFO] [stdout]   |
[INFO] [stdout] 1 + use crate::vm::context::ByteCode;
[INFO] [stdout]   |
[INFO] [stdout] 
[INFO] [stdout] 
[INFO] [stdout] error: aborting due to 3 previous errors
[INFO] [stdout] 
[INFO] [stdout] 
[INFO] [stdout] Some errors have detailed explanations: E0412, E0583.
[INFO] [stdout] 
[INFO] [stdout] For more information about an error, try `rustc --explain E0412`.
[INFO] [stdout] 
[INFO] [stderr] error: could not compile `firelang` (lib test) due to 4 previous errors
[INFO] [stderr] warning: build failed, waiting for other jobs to finish...
[INFO] [stdout] error: aborting due to 3 previous errors
[INFO] [stdout] 
[INFO] [stdout] 
[INFO] [stdout] Some errors have detailed explanations: E0412, E0583.
[INFO] [stdout] 
[INFO] [stdout] For more information about an error, try `rustc --explain E0412`.
[INFO] [stdout] 
[INFO] [stderr] error: could not compile `firelang` (lib) due to 4 previous errors
[INFO] running `Command { std: "docker" "inspect" "50de7324c056c43342887cd950d1f00dbc9aa7711c2711c88db9d9194ec12608", kill_on_drop: false }`
[INFO] running `Command { std: "docker" "rm" "-f" "50de7324c056c43342887cd950d1f00dbc9aa7711c2711c88db9d9194ec12608", kill_on_drop: false }`
[INFO] [stdout] 50de7324c056c43342887cd950d1f00dbc9aa7711c2711c88db9d9194ec12608
